- -2) - 0) + 15.
99
-2 + -8 + 8 + 7 - (0 - -13)
-8
What is 13 - ((55 - -3) + 11 + 8 + -32)?
-32
Calculate (-6 - -2) + 0 + 112 + (20 - (40 - 18)).
106
Evaluate 7 + (-14 - -17) + 10 - 95 - -4.
-71
What is -186 + (-15 - (-74 + -59))?
-68
What is the value of (0 + -1 - -19) + (-132 - -151)?
37
What is 25 + (5 + -11 - (3 - 9)) + 3?
28
Evaluate (15 - -6) + (-6 + -18 - -5).
2
-73 - -17 - -55 - (3 + -23)
19
Calculate -41 + 0 + (1 - (15 - -9)).
-64
Evaluate (42 - 20) + (-54 - 1).
-33
Calculate -12 + 13 + (-16 - -9) + 14 + -5.
3
Evaluate (20 - 0) + (2 - (-31 + (22 - -1))).
30
-8 + -5 + 12 - -13 - (1 + 26)
-15
Evaluate 22 - (30 + -8 + 18) - -43.
25
Calculate 0 + -13 + (-11 - (4 + -7 + -8)).
-13
What is (0 + 2 - (-28 - -5)) + (-6 - -18)?
37
What is the value of -10 + -44 - (-16 + 7)?
-45
What is 119 + -122 + (-3 - (-3 + -4 - -1))?
0
What is the value of -13 - (-29 - -9) - (-39 + 58)?
-12
Evaluate 16 + -7 + 21 + -47 - 14.
-31
Evaluate (-228 - -268) + (7 - 21).
26
(84 - 0 - 78) + 1 + -21
-14
What is 3 + -1 + 6 - ((59 - 97) + 94)?
-48
Evaluate (7 - -11) + -3 + -42 - 6.
-33
Evaluate 11934 + -11993 + (5 - 0 - -1).
-53
What is -2 + 62 - (-13713 - -13633)?
140
What is (17 - 1) + -14 - (-9 + 56 + 10)?
-55
Evaluate -14 - -110 - 27 - 111.
-42
Calculate (35 + -31 - 61) + 18.
-39
What is 45 - (62 - -22 - 95)?
56
What is (34 + (-2 - 29) - 14) + (-1 - 38)?
-50
(-63 + 48 - -32) + -6 + -7
4
Evaluate 12 + (-5 - 30 - -12) + -27.
-38
Calculate 17 + -2 - (87 - (19 + -33 + 18)).
-68
(-23 - (-17 + 2)) + 25 + -8
9
Calculate -3 - -71 - (580 + -569).
57
(16 + 3 - 28) + 13 + -1
3
Calculate (12 + 0 + 0 - (2488 + -2462)) + 0.
-14
(8 - 34) + (130 - 116)
-12
-23 + (-19 - -52) + 10
20
What is -1563 - -1587 - (0 - (0 - 1))?
23
Calculate 3 + 52 + (-7 - -33) - 13.
68
What is the value of (21 - 1) + (-84 - -85) - (20 + -1)?
2
Calculate -2 - (12 - (0 + 5) - (164 + -157)).
-2
What is the value of -46 - (18 + 35 - 47)?
-52
What is the value of -21 + (7 + 3 - -27) - 59?
-43
Evaluate (-67 - 5) + ((0 - 9) + 45 - 15).
-51
Evaluate 23 - (-7 + 6 + -9 - (11 + -13 + -17)).
14
125 - (39 + -16 + 1 + 10)
91
Calculate 66 - 24 - -13 - 46.
9
Evaluate 85 - 101 - -65 - ((-2 - -14 - 2) + -1).
40
Evaluate -26 - (-40 - -42 - 51).
23
Calculate 441 + -479 + (1 - 13).
-50
Evaluate 1 + 64 + 1751 + -1746.
70
What is the value of 56 - 2 - (22 + -17 + -10)?
59
Evaluate 56 - 78 - (-29 - 0).
7
Calculate (36 - 25) + 26 + 12.
49
Calculate -2 + (19 - 7) + 175 + -204.
-19
What is the value of 30 - -1 - (-306 - -343) - -54?
48
Calculate -11 - (-9 - ((0 - -13) + (-232 - -152))).
-69
What is 1 + 15 + (11 + -20 + 15 + -13 - -6)?
15
What is the value of (-88 + 112 - -86) + -1 + -27?
82
Evaluate -1 - (-4 + -16 + -23 + 5 + 28).
9
Calculate 11 + (-18 - 3) - (-16 + 0).
6
What is -54 + 71 - (-4 - -27) - ((2 - -6) + -1)?
-13
What is 58 - (-45 + 83) - 2?
18
-2 + (-1874 + 1865 - (-3 + -12 - (0 + 0)))
4
-11 + 0 + 17 + -30 + -7
-31
Calculate 3 - (7 - 3) - -50 - (-9 + 15 - 11).
54
Evaluate 10 - (2 + -7 - (-36 + 51) - -14).
16
-46 + 37 + (-11 - -5) - 31
-46
Calculate 233 - 129 - (1 - -170).
-67
What is the value of -163 + (-10 - -87) + 6?
-80
What is the value of 6 + -2 + 13 + 1 + (-15 - -35) + -51?
-13
Calculate 82 - (10 - (-20 + 39 + -10)).
81
Calculate (3 - (-17 + 78 + -3)) + 2 + 1.
-52
What is the value of 28 + -33 + (29 - (-13 + 50)) + 10 + -1?
-4
5 - (68 - (7 - -2 - 21) - 2)
-73
Calculate 1 + 71 + (-239 - -157).
-10
What is (-26 - (9 - 45)) + -3 + -14 - 28?
-35
Evaluate -17 + 20 + (-18 - -61).
46
What is ((11 - 1) + -4 - 4 - -2) + 18 + 27?
49
((-2 - -5) + -12 - -1) + (-631 - -629) + 42
32
(34 - (-2 - (-37 - -14))) + 21
34
Calculate 3 + -148 + 140 + (0 - -3) - -43.
41
Calculate (22 - (-30 + -8)) + -2.
58
(8 - 19) + 21 + -4 - (1 + 9) - -85
81
What is -87 - (33 - 56 - -14)?
-78
Calculate (-14 - -39) + (-799 - -722).
-52
What is the value of ((0 - 1) + -119 - (159 - 83 - 61)) + 2?
-133
Calculate (-45 + 18 - 97) + (-7 - 0).
-131
Evaluate (-12 + 5 - (-111 - -66)) + 3.
41
What is the value of -53 + 26 + -24 + -6 - (-8 + -10)?
-39
What is -10 + (-33 + 15 - -134) - (-4 - -2)?
108
Calculate 62 + (-15 - (92 - 77)).
32
What is 17 + (-13 - 15) - (-17 - 1)?
7
Calculate -3 + -6 + 63 + -34 + 22.
42
Evaluate (36 - 10) + 13 + -32 + -1 + 4.
10
Calculate (-215 - -162) + (3 - (5 - ((8 - 1) + 4))).
-44
What is -7 + 45 + -3 - ((-13 - -12) + 11 + -18)?
43
-519 + 510 - (-3 - 24)
18
What is (30 - -5 - (103 - 63)) + 28?
23
What is -20 + (-8 - -123) + 6 + (-5 - (0 - 4))?
100
-14 + -26 + (-242 - -345)
63
Calculate -12 + (46 - 43 - -48).
39
-29 + 80 + -28 - 2
21
What is the value of -41 + -49 + 145 + -2 + 11?
64
-3 + -5 + 2 - (67 + (-17 - -11))
-67
47 + 6 + 18 + (-153 - -135)
53
What is -15 - -48 - (14 + 78)?
-59
What is (-14 - -95) + -2 + -42?
37
-20 + (-10 - -52) + (49 - 84)
-13
Calculate 46 + (46 - 2) + -262 + 242.
70
What is 43 - ((-60 - -7) + 75)?
21
42 - (-5 + (30 - (-12 - -22)))
27
(-37 - -11 - 25) + (1 - -15) + (-10 - -4)
-41
Evaluate 13 + 75 + -66 + 4 + -5 + -62.
-41
Calculate 143 - (5 - -39) - (-38 + 24).
113
What is 2 + -15 - (87 + 3 + -28 + (12 - -12))?
-99
What is (35 - (-34 + 30 - -37)) + 40?
42
What is (-15 - (1 + -17) - -5) + 8 + 23?
37
(2 - 0 - 2 - 3) + 191 + -366 + 157
-21
(3 - 44) + 64 + -76 + 35 - (13 - 0)
-31
-64 + (1 - 1) + (-480 - -369) + 127
-48
Calculate -19 + -17 + 11 + (3 + 2 - (-21 + 14)).
-13
What is the value of (-2 + -40 - (-29 - -14) - 0) + -6 + -2?
-35
What is 7 + 7 - 11 - (9 - 26)?
20
Evaluate (6 - -3 - -1) + 18 + (-11 + -41 - 3).
-27
What is the value of -24 - 24 - (-86 + 40 - -75)?
-77
What is (-4 - -118) + 14 + -11 - (51 + -29)?
95
What is the value of 98 - (-22 + (-18 - (-21 - 6)) + 1 + 8)?
102
What is the value of (2 - (2 - (-3 + 22))) + -3725 + 3636?
-70
What is the value of (4 - (-4 + 77)) + (1107 - 1085)?
-47
Calculate -68 - (65 + (-55 - 33)).
-45
What is -399 + 367 - (-2 - (4 - 39))?
-65
What is the value of (6 + 44 - -2) + 14 + 7 + -6 + -15?
52
387 + -398 - (-1 + -56 - (6 - (3 - -4)))
45
What is (-493 - -424) + -4 + 126?
53
Calculate 22 - 4 - (-75 + 147 + 3).
-57
3 + -3 + 2 - ((3 - 83 - -15) + 14)
53
What is the value of (0 - (-1 + -1)) + 9 + 0 - (3042 + -3060)?
29
What is (36 + -33 - 77) + 17 - -15?
-42
Evaluate 0 + 8 - (314 - 204 - 27).
-75
Evaluate -1 - (-12 - -46) - -32.
-3
Evaluate -60 - (42 + (-97 - -22)).
-27
What is the value of 129 + (-21 - (0 - 1 - (164 + -161)))?
112
Calculate (-3 - (0 - (3 + -4))) + 6 - (-38 - 26).
66
Calculate (24 + -19 - 14) + (56 - 24) + (-8 - -1).
16
What is 7 + (-2 + 0 - (65 + -20 + -30))?
-10
Calculate -46 + (106 + -121 - -151).
90
What is the value of 7 + (-1 - -8 - (-36 + 46 - -19))?
-15
110 - 79 - (7 - (-3 - 11)) - (82 - 0)
-72
Evaluate 70 + (29 - (24 + 46)) + -154.
-125
What is the value of (-267 - (-170 - 45)) + (0 - 5) + 0?
-57
Calculate -1964 + 1977 + (55 + 1 - -4).
73
Calculate (8 - (20 + -22)) + 42.
52
What is (3 - 9) + 18 - (6 - 21 - (-47 - 0))?
-20
Calculate (6 - (0 - -47)) + (433 - 440).
-48
31 + (2 - 7 - (4 + -1)) - -9
32
Calculate (-80 + -24 - -38) + (1 - 2).
-67
What is the value of (-5 - -3) + (20 - 43) - 28?
-53
Evaluate -1403 - -1420 - (36 + -1).
-18
What is the value of 14 + -7 + 15 + 1 - 68?
-45
42 - 45 - ((4 - -7) + 0) - 46
-60
Evaluate (10 + 5 - -3 - (41 - 30)) + -50 + 1.
-42
What is the value of -120 - (52 + -41 + (-58 - -6))?
-79
What is the value of 42 + -10 + (-1 - 10)?
21
What is (-6 - (-4 - -5 - -2)) + (9 - (16 - 23))?
7
What is (0 - 19) + 6 + -5 - 16?
-34
(276 - 76 - 88) + -218
-106
Calculate -632 + 550 + 1 + 16.
-65
-196 + 208 - (5 + 6)
1
Calculate 35 + 42 - -29 - 64.
42
Calculate 9 + (-57 - -2) + (13 - 26).
-59
Calculate (99 - -2) + -33 + 28 + 2 + -5 + 4.
97
Evaluate -1 + 8 - (-30 + 106 - 123) - -20.
74
Evaluate -19 + 12 + (13 - 18) - 8.
-20
-10 + (-1 - (-14 + 1 - (-129 + 126)))
-1
Evaluate 7 + 12 + 2 + -34 + 88.
75
What is -47 + -7 - ((-58 - -55) + 7 + -8 + 4)?
-54
What is the value of -12 - ((33 - 10) + -21 + -15)?
1
Calculate 9 + 0 - (-11 + (29 - 25) + 110).
-94
Evaluate 8 + (5 - 5 - 56) - (96 + -87).
-57
What is 14 + (-7 + 10 - 7) + 11 - 3?
18
Evaluate 2252 + -2338 + (-1 - (4 - (7 + 2) - -2)).
-84
Evaluate -6 + -4 + (5 - (-2 - 7)) - 0.
4
What is 929 + -885 - (26 + -9 + 6)?
21
What is the value of 84 - 7 - (-43 + 69)?
51
Evaluate (262 - 245) + -3 +